{"id":8,"date":"2020-04-25T20:59:43","date_gmt":"2020-04-25T18:59:43","guid":{"rendered":"https:\/\/www.bimbuewele.com\/carte\/?page_id=8"},"modified":"2024-10-07T16:04:37","modified_gmt":"2024-10-07T14:04:37","slug":"accueil","status":"publish","type":"page","link":"https:\/\/www.bimbuewele.com\/carte\/","title":{"rendered":"La carte"},"content":{"rendered":"\n<p class=\"has-large-font-size\"><strong><em>Nos Entr\u00e9es<\/em><\/strong><\/p>\n\n\n\n<figure class=\"wp-block-table is-style-stripes\"><table><tbody><tr><td><\/td><td class=\"has-text-align-center\" data-align=\"center\">Grande<\/td><td class=\"has-text-align-center\" data-align=\"center\">Petite<\/td><\/tr><tr><td>Assiette de Crudit\u00e9s<\/td><td class=\"has-text-align-center\" data-align=\"center\">9,00\u20ac<\/td><td class=\"has-text-align-center\" data-align=\"center\">5,00\u20ac<\/td><\/tr><tr><td>Salade de Cervelas<\/td><td class=\"has-text-align-center\" data-align=\"center\">11,00\u20ac<\/td><td class=\"has-text-align-center\" data-align=\"center\">6,00\u20ac<\/td><\/tr><tr><td>Salade d&rsquo;Emmental<\/td><td class=\"has-text-align-center\" data-align=\"center\">12,00\u20ac<\/td><td class=\"has-text-align-center\" data-align=\"center\">7,00\u20ac<\/td><\/tr><tr><td>Salade Mixte (Cervelas, emmental)<\/td><td class=\"has-text-align-center\" data-align=\"center\">15,00\u20ac<\/td><td class=\"has-text-align-center\" data-align=\"center\">8,50\u20ac<\/td><\/tr><tr><td>Salade de Foies de Volaille<\/td><td class=\"has-text-align-center\" data-align=\"center\">16,00\u20ac<\/td><td class=\"has-text-align-center\" data-align=\"center\">9,00\u20ac<\/td><\/tr><tr><td>Salade Fermi\u00e8re<\/td><td class=\"has-text-align-center\" data-align=\"center\">16,00\u20ac<\/td><td class=\"has-text-align-center\" data-align=\"center\">9,00\u20ac<\/td><\/tr><tr><td>Cuisses de Grenouilles Proven\u00e7ale ou Cr\u00e8me<\/td><td class=\"has-text-align-center\" data-align=\"center\">19,00\u20ac<\/td><td class=\"has-text-align-center\" data-align=\"center\">11,00\u20ac<\/td><\/tr><tr><td>Douzaine d&rsquo;Escargots<\/td><td class=\"has-text-align-center\" data-align=\"center\">16,00\u20ac<\/td><td class=\"has-text-align-center\" data-align=\"center\"><\/td><\/tr><tr><td>Demi &#8211; Douzaine d&rsquo;Escargots<\/td><td class=\"has-text-align-center\" data-align=\"center\">8,50\u20ac<\/td><td class=\"has-text-align-center\" data-align=\"center\"><\/td><\/tr><\/tbody><\/table><figcaption class=\"wp-element-caption\">Prix Nets<\/figcaption><\/figure>\n\n\n\n<p class=\"has-large-font-size\"><strong><em>Nos sp\u00e9cialit\u00e9s<\/em><\/strong><\/p>\n\n\n\n<figure class=\"wp-block-table is-style-stripes\"><table><tbody><tr><td>Grumberekechle sur Salade&nbsp;<\/td><td class=\"has-text-align-center\" data-align=\"center\">14,50\u20ac<\/td><\/tr><tr><td>Supp Saumon Fum\u00e9 4.50 \u20ac, 2 Jambons 4.00 \u20ac<\/td><td class=\"has-text-align-center\" data-align=\"center\"><\/td><\/tr><tr><td>B\u00fcewespaetzle Cr\u00e8me et Lardons, salade verte<\/td><td class=\"has-text-align-center\" data-align=\"center\">14,70\u20ac<\/td><\/tr><tr><td>B\u00fcewespaetzle aux Champignons Frais, salade verte<\/td><td class=\"has-text-align-center\" data-align=\"center\">14,70\u20ac<\/td><\/tr><tr><td>B\u00fcewespaetzle aux Deux Saumons, salade verte<\/td><td class=\"has-text-align-center\" data-align=\"center\">17,90\u20ac<\/td><\/tr><tr><td>B\u00fcewespaetzle aux Escargots, salade verte<\/td><td class=\"has-text-align-center\" data-align=\"center\">16,70\u20ac<\/td><\/tr><tr><td>Fleischkechle Nature<\/td><td class=\"has-text-align-center\" data-align=\"center\">16,00\u20ac<\/td><\/tr><tr><td>Fleischkechle \u00e0 la Cr\u00e8me et &nbsp;Champignons Frais<\/td><td class=\"has-text-align-center\" data-align=\"center\">17,70\u20ac<\/td><\/tr><tr><td>Lewerknepfle \u00e0 la Cr\u00e8me et Champignons Frais<\/td><td class=\"has-text-align-center\" data-align=\"center\">17,70\u20ac<\/td><\/tr><tr><td>Waedele Brais\u00e9 \u00e0 la Bi\u00e8re (20 mn)<\/td><td class=\"has-text-align-center\" data-align=\"center\">17,50\u20ac<\/td><\/tr><tr><td>Camembert Frit, pommes saut\u00e9es, salade verte<\/td><td class=\"has-text-align-center\" data-align=\"center\">16,50\u20ac<\/td><\/tr><tr><td>Ch\u00e8vre Frit aux deux Pommes, salade verte<\/td><td class=\"has-text-align-center\" data-align=\"center\">16,50\u20ac<\/td><\/tr><tr><td>Munster Frit, pommes saut\u00e9es, salade verte<\/td><td class=\"has-text-align-center\" data-align=\"center\">16,50\u20ac<\/td><\/tr><tr><td>Assortiment de Fromages Frits, pommes saut\u00e9es, salade verte<\/td><td class=\"has-text-align-center\" data-align=\"center\">16,50\u20ac<\/td><\/tr><tr><td>Bibeleskaess, ail, ciboulette, lardons, oignons,&nbsp;pommes saut\u00e9es et<br>jambon de pays<\/td><td class=\"has-text-align-center\" data-align=\"center\">16,50\u20ac<\/td><\/tr><\/tbody><\/table><figcaption class=\"wp-element-caption\"><em>Prix Nets<\/em><\/figcaption><\/figure>\n\n\n\n<p class=\"has-large-font-size\"><strong><em>Nos Tartes Flamb\u00e9es<\/em><\/strong><\/p>\n\n\n\n<p>(Uniquement le soir)<\/p>\n\n\n\n<figure class=\"wp-block-table is-style-stripes\"><table><tbody><tr><td><\/td><td class=\"has-text-align-center\" data-align=\"center\"><\/td><td class=\"has-text-align-center\" data-align=\"center\">1\/2<\/td><\/tr><tr><td>Tarte Flamb\u00e9e Normale&nbsp;<\/td><td class=\"has-text-align-center\" data-align=\"center\">9,00\u20ac<\/td><td class=\"has-text-align-center\" data-align=\"center\">4,70 \u20ac<\/td><\/tr><tr><td>Tarte Flamb\u00e9e aux Champignons Frais&nbsp;<\/td><td class=\"has-text-align-center\" data-align=\"center\">9,50\u20ac<\/td><td class=\"has-text-align-center\" data-align=\"center\">5,00\u20ac<\/td><\/tr><tr><td>Tarte Flamb\u00e9e Gratin\u00e9e<\/td><td class=\"has-text-align-center\" data-align=\"center\">10,00\u20ac<\/td><td class=\"has-text-align-center\" data-align=\"center\">5,30\u20ac<\/td><\/tr><tr><td>Tarte Flamb\u00e9e Munster<\/td><td class=\"has-text-align-center\" data-align=\"center\">10,50\u20ac<\/td><td class=\"has-text-align-center\" data-align=\"center\">5,60\u20ac<\/td><\/tr><tr><td>Tarte Flamb\u00e9e Ail et Ciboulette&nbsp;<\/td><td class=\"has-text-align-center\" data-align=\"center\">10,00\u20ac<\/td><td class=\"has-text-align-center\" data-align=\"center\">5,30\u20ac<\/td><\/tr><tr><td>Tarte Flamb\u00e9e aux Pommes arros\u00e9e au Calvados<\/td><td class=\"has-text-align-center\" data-align=\"center\">13,50\u20ac<\/td><td class=\"has-text-align-center\" data-align=\"center\">7,50 \u20ac<\/td><\/tr><\/tbody><\/table><figcaption class=\"wp-element-caption\"><em>Prix Nets<\/em><\/figcaption><\/figure>\n\n\n\n<p class=\"has-large-font-size\"><strong><em>Nos Viandes et Poissons<\/em><\/strong><\/p>\n\n\n\n<figure class=\"wp-block-table is-style-stripes\"><table><tbody><tr><td>Escalope de Veau Viennoise<\/td><td class=\"has-text-align-center\" data-align=\"center\">18,90\u20ac<\/td><\/tr><tr><td>Escalope de Veau \u00e0 la Cr\u00e8me et ses Champignons<\/td><td class=\"has-text-align-center\" data-align=\"center\">19,90\u20ac<\/td><\/tr><tr><td>Cordon Bleu de Veau nature &nbsp;(25 mn)<\/td><td class=\"has-text-align-center\" data-align=\"center\">20,50\u20ac<\/td><\/tr><tr><td>Cordon Bleu de Veau \u00e0 la Cr\u00e8me et ses Champignons (25 mn)<\/td><td class=\"has-text-align-center\" data-align=\"center\">22,00\u20ac<\/td><\/tr><tr><td>Cordon Bleu de Veau &nbsp;Sauce au Munster (25 mn)<\/td><td class=\"has-text-align-center\" data-align=\"center\">22,80\u20ac<\/td><\/tr><tr><td>Faux Filet Ma\u00eetre d\u2019H\u00f4tel<\/td><td class=\"has-text-align-center\" data-align=\"center\">20,50\u20ac<\/td><\/tr><tr><td>Onglet de B\u0153uf \u00e0 l\u2019Echalote<\/td><td class=\"has-text-align-center\" data-align=\"center\">20,50\u20ac<\/td><\/tr><tr><td>Rognons de Veau Moutarde \u00e0 l&rsquo;Ancienne<\/td><td class=\"has-text-align-center\" data-align=\"center\">20,00\u20ac<\/td><\/tr><tr><td>Sparips Grill\u00e9s, sauce Barbecue Maison<\/td><td class=\"has-text-align-center\" data-align=\"center\">18,50\u20ac<\/td><\/tr><tr><td><\/td><td class=\"has-text-align-center\" data-align=\"center\"><\/td><\/tr><tr><td>Cordon Bleu de Saumon,<br>riz  ou spaetzle<\/td><td class=\"has-text-align-center\" data-align=\"center\">25,00\u20ac<\/td><\/tr><tr><td>Filets de Sole Fa\u00e7on Bouch\u00e9e \u00e0 la Reine,<br>riz ou spaetzle<\/td><td class=\"has-text-align-center\" data-align=\"center\">25,00\u20ac<\/td><\/tr><\/tbody><\/table><figcaption class=\"wp-element-caption\"><em>Prix Nets<\/em><\/figcaption><\/figure>\n\n\n\n<p class=\"has-text-align-center\">Toutes nos viandes sont accompagn\u00e9es au choix : de frites (maison Lutosa), pommes saut\u00e9es, spaetzle ou b\u00fcewespaetzle.<br>Pour lier nos fonds maison nous utilisons des produits Unilever.<br>Suppl\u00e9ment garniture 4,00 \u20ac,.<br>Suppl\u00e9ment salade verte par personne 2,00 \u20ac<\/p>\n\n\n\n<p class=\"has-large-font-size\"><strong><em>Menus Enfants<\/em><\/strong><\/p>\n\n\n\n<p><\/p>\n\n\n\n<div class=\"wp-block-columns is-layout-flex wp-container-core-columns-is-layout-9d6595d7 wp-block-columns-is-layout-flex\">\n<div class=\"wp-block-column is-layout-flow wp-block-column-is-layout-flow\" style=\"flex-basis:100%\">\n<div class=\"wp-block-columns is-layout-flex wp-container-core-columns-is-layout-9d6595d7 wp-block-columns-is-layout-flex\">\n<div class=\"wp-block-column is-layout-flow wp-block-column-is-layout-flow\" style=\"flex-basis:100%\">\n<figure class=\"wp-block-table is-style-stripes\"><table><tbody><tr><td>Fleischkechle, sauce cr\u00e8me champignons,<br>frites et glace&nbsp;<\/td><td class=\"has-text-align-center\" data-align=\"center\">9,00\u20ac<\/td><\/tr><tr><td>Nuggets, frites et glace<\/td><td class=\"has-text-align-center\" data-align=\"center\">9,00\u20ac<\/td><\/tr><tr><td>Jambon, frites et glace<\/td><td class=\"has-text-align-center\" data-align=\"center\">8,00\u20ac<\/td><\/tr><tr><td>Buewesapaetzle cr\u00e8me et lard, salade et glace<\/td><td class=\"has-text-align-center\" data-align=\"center\">9,00\u20ac<\/td><\/tr><\/tbody><\/table><figcaption class=\"wp-element-caption\"><em>Prix Nets<\/em><\/figcaption><\/figure>\n<\/div>\n<\/div>\n<\/div>\n<\/div>\n\n\n\n<p class=\"has-large-font-size\"><strong><em>Nos Desserts<\/em><\/strong><\/p>\n\n\n\n<figure class=\"wp-block-table is-style-stripes\"><table><tbody><tr><td>Caf\u00e9 Gourmand<\/td><td class=\"has-text-align-center\" data-align=\"center\">8,00\u20ac<\/td><\/tr><tr><td>Coupe Glac\u00e9e<\/td><td class=\"has-text-align-center\" data-align=\"center\">6,50\u20ac<\/td><\/tr><tr><td>Coupe Glac\u00e9e Chantilly<\/td><td class=\"has-text-align-center\" data-align=\"center\">6,90\u20ac<\/td><\/tr><tr><td>Dame Blanche<\/td><td class=\"has-text-align-center\" data-align=\"center\">7,50\u20ac<\/td><\/tr><tr><td>Profiteroles<\/td><td class=\"has-text-align-center\" data-align=\"center\">8,00\u20ac<\/td><\/tr><tr><td>Ile Flottante<\/td><td class=\"has-text-align-center\" data-align=\"center\">7,00\u20ac<\/td><\/tr><tr><td>Meringue Glac\u00e9e Chantilly<\/td><td class=\"has-text-align-center\" data-align=\"center\">8,00\u20ac<\/td><\/tr><tr><td>Caf\u00e9 ou Chocolat Li\u00e9geois<\/td><td class=\"has-text-align-center\" data-align=\"center\">7,50\u20ac<\/td><\/tr><tr><td>Tarte<\/td><td class=\"has-text-align-center\" data-align=\"center\">6,50\u20ac<\/td><\/tr><tr><td>Cr\u00e8me Br\u00fbl\u00e9e<\/td><td class=\"has-text-align-center\" data-align=\"center\">6,50\u20ac<\/td><\/tr><tr><td>Charlotte<\/td><td class=\"has-text-align-center\" data-align=\"center\">7,50\u20ac<\/td><\/tr><tr><td>Fondant au Chocolat (15 mn)<\/td><td class=\"has-text-align-center\" data-align=\"center\">9,50\u20ac<\/td><\/tr><tr><td>Sorbet Nature<\/td><td class=\"has-text-align-center\" data-align=\"center\">6,50\u20ac<\/td><\/tr><tr><td>Sorbet Arros\u00e9<\/td><td class=\"has-text-align-center\" data-align=\"center\">9,90\u20ac<\/td><\/tr><\/tbody><\/table><figcaption class=\"wp-element-caption\"><em>Prix Nets<\/em><\/figcaption><\/figure>\n\n\n\n<p class=\"has-large-font-size\"><strong><em>Nos Ap\u00e9ritifs<\/em><\/strong><\/p>\n\n\n\n<figure class=\"wp-block-table is-style-stripes\"><table><tbody><tr><td>K<em>ir vin blanc d\u2019Alsace<\/em><br><em>(cassis, p\u00eache, m\u00fbre, melon, violette, mirabelle, framboise) 12 cl<\/em><\/td><td class=\"has-text-align-center\" data-align=\"center\">3,50\u20ac<\/td><\/tr><tr><td>Kir Cr\u00e9mant <br>(cassis, p\u00eache, m\u00fbre, melon, violette, mirabelle, framboise) 12 cl<\/td><td class=\"has-text-align-center\" data-align=\"center\">6,40\u20ac<\/td><\/tr><tr><td>Coupe de Cr\u00e9mant 12 cl<\/td><td class=\"has-text-align-center\" data-align=\"center\">6,00\u20ac<\/td><\/tr><tr><td>Verre de Muscat 12 cl<\/td><td class=\"has-text-align-center\" data-align=\"center\">5,50\u20ac<\/td><\/tr><tr><td>Verre de Saint Luc 12 cl<\/td><td class=\"has-text-align-center\" data-align=\"center\">5,50\u20ac<\/td><\/tr><tr><td>Verre de Vendanges Tardives 12 cl<\/td><td class=\"has-text-align-center\" data-align=\"center\">8,00\u20ac<\/td><\/tr><tr><td>Martini rouge, ros\u00e9 ou blanc 4 cl<\/td><td class=\"has-text-align-center\" data-align=\"center\">3,60\u20ac<\/td><\/tr><tr><td>Suze 4 cl<\/td><td class=\"has-text-align-center\" data-align=\"center\">3,60\u20ac<\/td><\/tr><tr><td>Campari 4 cl<\/td><td class=\"has-text-align-center\" data-align=\"center\">3,60\u20ac<\/td><\/tr><tr><td>Pastis, Ricard 2 cl<\/td><td class=\"has-text-align-center\" data-align=\"center\">3,80\u20ac<\/td><\/tr><tr><td>Porto 4 cl<\/td><td class=\"has-text-align-center\" data-align=\"center\">3,60\u20ac<\/td><\/tr><tr><td>Bourbon 4 cl<\/td><td class=\"has-text-align-center\" data-align=\"center\">6,00\u20ac<\/td><\/tr><tr><td>Whisky, Gin , Vodka 4 cl<\/td><td class=\"has-text-align-center\" data-align=\"center\">5,50\u20ac<\/td><\/tr><tr><td>Picon bi\u00e8re, Cynar bi\u00e8re, Amer Fleur de bi\u00e8re 25 cl<\/td><td class=\"has-text-align-center\" data-align=\"center\">4,20\u20ac<\/td><\/tr><tr><td>Bi\u00e8re 25cl<\/td><td class=\"has-text-align-center\" data-align=\"center\">3,20\u20ac<\/td><\/tr><\/tbody><\/table><figcaption class=\"wp-element-caption\">Prix nets<\/figcaption><\/figure>\n\n\n\n<p class=\"has-large-font-size\"><strong><em>Nos Boissons Froides<\/em><\/strong><\/p>\n\n\n\n<figure class=\"wp-block-table is-style-stripes\"><table><tbody><tr><td>Carola 50 cl<br>Plate, L\u00e9g\u00e8re, P\u00e9tillante<\/td><td class=\"has-text-align-right\" data-align=\"right\">2,60\u20ac<\/td><\/tr><tr><td>Carola Litre<\/td><td class=\"has-text-align-right\" data-align=\"right\">5,00\u20ac<\/td><\/tr><tr><td>Perrier 33cl<\/td><td class=\"has-text-align-right\" data-align=\"right\">3,90\u20ac<\/td><\/tr><tr><td>Coca 33cl<\/td><td class=\"has-text-align-right\" data-align=\"right\">3,20\u20ac<\/td><\/tr><tr><td>Coca Z\u00e9ro, Cherry 33cl<\/td><td class=\"has-text-align-right\" data-align=\"right\">3,20\u20ac<\/td><\/tr><tr><td>Orangina 25cl<\/td><td class=\"has-text-align-right\" data-align=\"right\">3,20\u20ac<\/td><\/tr><tr><td>Schweppes 20cl<\/td><td class=\"has-text-align-right\" data-align=\"right\">3,70\u20ac<\/td><\/tr><tr><td>Limonade 20cl<\/td><td class=\"has-text-align-right\" data-align=\"right\">2,20 \u20ac<\/td><\/tr><tr><td>Diabolo 20cl<\/td><td class=\"has-text-align-right\" data-align=\"right\">2,30\u20ac<\/td><\/tr><tr><td>Bitter sans alcool<\/td><td class=\"has-text-align-right\" data-align=\"right\">3,40\u20ac<\/td><\/tr><tr><td>Jus d&rsquo;orange ou de pomme 20cl<\/td><td class=\"has-text-align-right\" data-align=\"right\">3,00\u20ac<\/td><\/tr><tr><td>Ice Tea 20cl<\/td><td class=\"has-text-align-right\" data-align=\"right\">3,00\u20ac<\/td><\/tr><tr><td>Sirop \u00e0 l&rsquo;eau 20cl<\/td><td class=\"has-text-align-right\" data-align=\"right\">1,50 \u20ac<\/td><\/tr><tr><td>Bi\u00e8re sans alcool<\/td><td class=\"has-text-align-right\" data-align=\"right\">4,00\u20ac<\/td><\/tr><tr><td>Pampryl 25cl : ACE, Fraise, Ananas, Abricot, Poire, P\u00eache, <br> Banane, Raisin, tomate, mangue<\/td><td class=\"has-text-align-right\" data-align=\"right\">3,60 \u20ac<\/td><\/tr><\/tbody><\/table><\/figure>\n\n\n\n<p class=\"has-large-font-size\"><strong><em>Nos Boissons Chaudes<\/em><\/strong><\/p>\n\n\n\n<figure class=\"wp-block-table is-style-stripes\"><table><tbody><tr><td>Caf\u00e9<\/td><td class=\"has-text-align-right\" data-align=\"right\">2,00\u20ac<\/td><\/tr><tr><td>Grand caf\u00e9<\/td><td class=\"has-text-align-right\" data-align=\"right\">2,70\u20ac<\/td><\/tr><tr><td>D\u00e9caf\u00e9in\u00e9<\/td><td class=\"has-text-align-right\" data-align=\"right\">2,10\u20ac<\/td><\/tr><tr><td>Irish Caf\u00e9<\/td><td class=\"has-text-align-right\" data-align=\"right\">8,50\u20ac<\/td><\/tr><tr><td>Th\u00e9<\/td><td class=\"has-text-align-right\" data-align=\"right\">2,50\u20ac<\/td><\/tr><tr><td>infusion<\/td><td class=\"has-text-align-right\" data-align=\"right\">2,50\u20ac<\/td><\/tr><tr><td>Cappuccino<\/td><td class=\"has-text-align-right\" data-align=\"right\">3,20\u20ac<\/td><\/tr><tr><td>Caf\u00e9 Alsacien<\/td><td class=\"has-text-align-right\" data-align=\"right\">8,50\u20ac<\/td><\/tr><\/tbody><\/table><figcaption class=\"wp-element-caption\">Prix Nets<\/figcaption><\/figure>\n\n\n\n<p class=\"has-text-align-center has-large-font-size\"><strong><em>Le Buewele<\/em><\/strong><\/p>\n\n\n\n<p class=\"has-text-align-center has-large-font-size\"><strong><em>Et<\/em><\/strong><\/p>\n\n\n\n<p class=\"has-text-align-center has-large-font-size\"><em><strong>Son Equipe<\/strong><\/em><\/p>\n\n\n\n<p class=\"has-text-align-center has-large-font-size\"><strong><em>Vous remercient\u2026<\/em><\/strong><\/p>\n\n\n\n<p class=\"has-text-align-center has-large-font-size\"><strong><em>A tr\u00e8s Bient\u00f4t&nbsp;!<\/em><\/strong><\/p>\n","protected":false},"excerpt":{"rendered":"<p>Nos Entr\u00e9es Grande Petite Assiette de Crudit\u00e9s 9,00\u20ac 5,00\u20ac Salade de Cervelas 11,00\u20ac 6,00\u20ac Salade d&rsquo;Emmental 12,00\u20ac 7,00\u20ac Salade Mixte (Cervelas, emmental) 15,00\u20ac 8,50\u20ac Salade de Foies de Volaille 16,00\u20ac 9,00\u20ac Salade Fermi\u00e8re 16,00\u20ac 9,00\u20ac Cuisses de Grenouilles Proven\u00e7ale ou Cr\u00e8me 19,00\u20ac 11,00\u20ac Douzaine d&rsquo;Escargots 16,00\u20ac Demi &#8211; Douzaine d&rsquo;Escargots 8,50\u20ac Prix Nets Nos sp\u00e9cialit\u00e9s&hellip; <a class=\"more-link\" href=\"https:\/\/www.bimbuewele.com\/carte\/\">Poursuivre la lecture <span class=\"screen-reader-text\">La carte<\/span><\/a><\/p>\n","protected":false},"author":2,"featured_media":0,"parent":0,"menu_order":0,"comment_status":"closed","ping_status":"closed","template":"","meta":{"footnotes":""},"class_list":["post-8","page","type-page","status-publish","hentry","entry"],"_links":{"self":[{"href":"https:\/\/www.bimbuewele.com\/carte\/wp-json\/wp\/v2\/pages\/8","targetHints":{"allow":["GET"]}}],"collection":[{"href":"https:\/\/www.bimbuewele.com\/carte\/wp-json\/wp\/v2\/pages"}],"about":[{"href":"https:\/\/www.bimbuewele.com\/carte\/wp-json\/wp\/v2\/types\/page"}],"author":[{"embeddable":true,"href":"https:\/\/www.bimbuewele.com\/carte\/wp-json\/wp\/v2\/users\/2"}],"replies":[{"embeddable":true,"href":"https:\/\/www.bimbuewele.com\/carte\/wp-json\/wp\/v2\/comments?post=8"}],"version-history":[{"count":15,"href":"https:\/\/www.bimbuewele.com\/carte\/wp-json\/wp\/v2\/pages\/8\/revisions"}],"predecessor-version":[{"id":150,"href":"https:\/\/www.bimbuewele.com\/carte\/wp-json\/wp\/v2\/pages\/8\/revisions\/150"}],"wp:attachment":[{"href":"https:\/\/www.bimbuewele.com\/carte\/wp-json\/wp\/v2\/media?parent=8"}],"curies":[{"name":"wp","href":"https:\/\/api.w.org\/{rel}","templated":true}]}}